
{"id":488,"date":"2024-05-14T11:19:07","date_gmt":"2024-05-14T09:19:07","guid":{"rendered":"https:\/\/ecole-des-grands.fr\/villefranche\/manger\/manger-le-midi\/"},"modified":"2026-04-04T18:52:45","modified_gmt":"2026-04-04T16:52:45","slug":"manger","status":"publish","type":"page","link":"https:\/\/ecole-des-grands.fr\/villefranche\/manger\/","title":{"rendered":"Bienvenue \u00e0 la cantine des bons vivants !"},"content":{"rendered":"\n<div class=\"wp-block-group is-nowrap is-layout-flex wp-container-core-group-is-layout-6c531013 wp-block-group-is-layout-flex\"><div class=\"wp-block-image\">\n<figure class=\"aligncenter size-large is-resized\"><img loading=\"lazy\" decoding=\"async\" width=\"1024\" height=\"538\" src=\"https:\/\/ecole-des-grands.fr\/villefranche\/wp-content\/uploads\/sites\/5\/2025\/09\/Format-ecran-tele-1-1024x538.jpg\" alt=\"\" class=\"wp-image-3757\" style=\"width:576px;height:auto\" srcset=\"https:\/\/ecole-des-grands.fr\/villefranche\/wp-content\/uploads\/sites\/5\/2025\/09\/Format-ecran-tele-1-1024x538.jpg 1024w, https:\/\/ecole-des-grands.fr\/villefranche\/wp-content\/uploads\/sites\/5\/2025\/09\/Format-ecran-tele-1-300x158.jpg 300w, https:\/\/ecole-des-grands.fr\/villefranche\/wp-content\/uploads\/sites\/5\/2025\/09\/Format-ecran-tele-1-768x403.jpg 768w, https:\/\/ecole-des-grands.fr\/villefranche\/wp-content\/uploads\/sites\/5\/2025\/09\/Format-ecran-tele-1-1536x806.jpg 1536w, https:\/\/ecole-des-grands.fr\/villefranche\/wp-content\/uploads\/sites\/5\/2025\/09\/Format-ecran-tele-1-856x450.jpg 856w, https:\/\/ecole-des-grands.fr\/villefranche\/wp-content\/uploads\/sites\/5\/2025\/09\/Format-ecran-tele-1-425x223.jpg 425w, https:\/\/ecole-des-grands.fr\/villefranche\/wp-content\/uploads\/sites\/5\/2025\/09\/Format-ecran-tele-1-648x340.jpg 648w, https:\/\/ecole-des-grands.fr\/villefranche\/wp-content\/uploads\/sites\/5\/2025\/09\/Format-ecran-tele-1-1427x750.jpg 1427w, https:\/\/ecole-des-grands.fr\/villefranche\/wp-content\/uploads\/sites\/5\/2025\/09\/Format-ecran-tele-1.jpg 1600w\" sizes=\"auto, (max-width: 1024px) 100vw, 1024px\" \/><\/figure>\n<\/div><\/div>\n\n\n\t<div id=\"accordeon-block_16e1805bf47fe6a1ac6ec9b43b969c60-9780\" class=\"my-espace block-accordion\">\n\t\t\n\t\t\t\t\t\n\t\t\t<div class=\"accordion-item mb-4 border py-4\"> \n\t\t\t\t<div class=\"col-lg-10 offset-lg-1\">\n\t\t\t\t\t<h3 class=\"accordion-header mb-0\" id=\"accordeon-block_16e1805bf47fe6a1ac6ec9b43b969c60-9780heading1\">\n\t\t\t\t\t\t<button class=\"accordion-button collapsed fw-900 ft-22 lh-27 py-0\" type=\"button\" data-bs-toggle=\"collapse\" data-bs-target=\"#accordeon-block_16e1805bf47fe6a1ac6ec9b43b969c60-9780collapse1\" aria-expanded=\"true\" aria-controls=\"accordeon-block_16e1805bf47fe6a1ac6ec9b43b969c60-9780collapse1\">\n\t\t\t\t\t\t\tCarte des plats\t\t\t\t\t\t<\/button>\n\t\t\t\t\t<\/h3>\n\t\t\t\t\t<div id=\"accordeon-block_16e1805bf47fe6a1ac6ec9b43b969c60-9780collapse1\" class=\"accordion-collapse collapse col-10\" aria-labelledby=\"accordeon-block_16e1805bf47fe6a1ac6ec9b43b969c60-9780heading1\" data-bs-parent=\"#accordeon-block_16e1805bf47fe6a1ac6ec9b43b969c60-9780\">\n\t\t\t\t\t\t<p><a href=\"https:\/\/ecole-des-grands.fr\/villefranche\/wp-content\/uploads\/sites\/5\/2026\/04\/Vil-2526-hiver-CARTE-MANGER.pdf\">Carte complete<\/a><\/p>\n<p><strong>SOMMAIRE :<\/strong><\/p>\n<p><a href=\"https:\/\/ecole-des-grands.fr\/villefranche\/wp-content\/uploads\/sites\/5\/2025\/11\/Menus-midi-1.pdf\">Les menus du midi<\/a><\/p>\n<p><a href=\"https:\/\/ecole-des-grands.fr\/villefranche\/wp-content\/uploads\/sites\/5\/2025\/11\/Les-entrees-1.pdf\">Les entr\u00e9es simples ou \u00e0 partager<\/a><\/p>\n<p><a href=\"https:\/\/ecole-des-grands.fr\/villefranche\/wp-content\/uploads\/sites\/5\/2025\/11\/Les-plats-4.pdf\">Les plats<\/a><\/p>\n<p><a href=\"https:\/\/ecole-des-grands.fr\/villefranche\/wp-content\/uploads\/sites\/5\/2026\/04\/LES-PINSAS-VLF_merged.pdf\">Les pinsas<\/a><\/p>\n<p><a href=\"https:\/\/ecole-des-grands.fr\/villefranche\/wp-content\/uploads\/sites\/5\/2026\/03\/Les-burgers_merged.pdf\">Les burgers<\/a><\/p>\n<p><a href=\"https:\/\/ecole-des-grands.fr\/villefranche\/wp-content\/uploads\/sites\/5\/2025\/11\/Vil-2526-hiver-CARTE-MANGER-3.pdf\">Les plateaux \u00e0 partager (\u00e0 partir de 19h)<\/a><\/p>\n<p><a href=\"https:\/\/ecole-des-grands.fr\/villefranche\/wp-content\/uploads\/sites\/5\/2025\/11\/Les-desserts-3.pdf\">Les desserts simples ou \u00e0 partager<\/a><\/p>\n \n\t\t\t\t\t<\/div>\t\n\t\t\t\t<\/div>\n\t\t\t<\/div>\n\n\t\t\t<\/div>\n\n\n\n\n\n<h2 class=\"wp-block-heading\"> Une cuisine g\u00e9n\u00e9reuse qui r\u00e9veille les souvenirs<\/h2>\n\n\n\n<p>\u00c0 L\u2019\u00c9cole des Grands Villefranche, le repas est bien plus qu\u2019un moment pour se restaurer : c\u2019est un instant de vie. Chaque service est pens\u00e9 comme une r\u00e9cr\u00e9ation gourmande o\u00f9 la convivialit\u00e9 se go\u00fbte autant qu\u2019elle se partage.<\/p>\n\n\n\n<p>Nos plats sont inspir\u00e9s des grands classiques de la cantine\u2026 mais en version savoureuse, travaill\u00e9e et g\u00e9n\u00e9reuse. Le tout avec une bonne dose de bonne humeur !<\/p>\n\n\n\n<h2 class=\"wp-block-heading\">Le midi, la cantine revisit\u00e9e des Caladois<\/h2>\n\n\n\n<p>\u00c0 l\u2019heure du d\u00e9jeuner, la Cantine des Grands accueille les cadres press\u00e9s comme les coll\u00e8gues en pause. \u00ab\u00a0dame de cantine\u00a0\u00bb, menus r\u00e9gressifs et ambiance bonne enfant : un vrai retour \u00e0 l\u2019essentiel\u2026 avec du go\u00fbt !<\/p>\n\n\n\n<p>Un d\u00e9jeuner simple, rapide, gourmand, parfait pour se retrouver entre coll\u00e8gues ou copains, dans un cadre qui \u00e9voque des souvenirs.<\/p>\n\n\n\n<h2 class=\"wp-block-heading\">Le soir, place \u00e0 la f\u00eate autour de l\u2019assiette<\/h2>\n\n\n\n<p>D\u00e8s la tomb\u00e9e de la nuit, les tables se remplissent, les plats \u00e0 partager circulent, et l\u2019ambiance monte crescendo. Chaque d\u00eener devient un moment o\u00f9 la musique, le service et les animations surprises transforment le repas en f\u00eate.<br>Le petit plus \u00e0 Villefranche, la f\u00eate s\u2019enchaine jusqu\u2019\u00e0 4h les vendredis et samedi en version club<\/p>\n\n\n\n<p>R\u00e9servez d\u00e8s maintenant votre repas \u00e0 L\u2019\u00c9cole des Grands Villefranche et venez vivre la f\u00eate comme oxyg\u00e8ne.<\/p>\n\n\n\n<p>Parce qu\u2019ici\u2026 on ne d\u00eene pas. On se r\u00e9gale, on rit, on vibre.<br><br>Vous n\u2019\u00eates pas au restaurant, vous \u00eates \u00e0 L\u2019Ecole des grands<\/p>\n\n\n\n<p><\/p>\n\n\n\n<p><\/p>\n","protected":false},"excerpt":{"rendered":"","protected":false},"author":1,"featured_media":828,"parent":0,"menu_order":0,"comment_status":"closed","ping_status":"closed","template":"template-carte.php","meta":{"_acf_changed":false,"footnotes":""},"class_list":["post-488","page","type-page","status-publish","has-post-thumbnail","hentry"],"acf":[],"yoast_head":"<!-- This site is optimized with the Yoast SEO plugin v27.3 - https:\/\/yoast.com\/product\/yoast-seo-wordpress\/ -->\n<title>Bienvenue \u00e0 la cantine des bons vivants ! - Ecole des Grands - Villefranche<\/title>\n<meta name=\"description\" content=\"\u00c0 Villefranche, L\u2019\u00c9cole des Grands vous invite \u00e0 une exp\u00e9rience entre plats gourmands, ambiance conviviale et repas \u00e0 partager. Ici, on ne mange pas\u2026 on cr\u00e9e des souvenirs.\" \/>\n<meta name=\"robots\" content=\"index, follow, max-snippet:-1, max-image-preview:large, max-video-preview:-1\" \/>\n<link rel=\"canonical\" href=\"https:\/\/ecole-des-grands.fr\/villefranche\/manger\/\" \/>\n<meta property=\"og:locale\" content=\"fr_FR\" \/>\n<meta property=\"og:type\" content=\"article\" \/>\n<meta property=\"og:title\" content=\"Bienvenue \u00e0 la cantine des bons vivants ! - Ecole des Grands - Villefranche\" \/>\n<meta property=\"og:description\" content=\"\u00c0 Villefranche, L\u2019\u00c9cole des Grands vous invite \u00e0 une exp\u00e9rience entre plats gourmands, ambiance conviviale et repas \u00e0 partager. Ici, on ne mange pas\u2026 on cr\u00e9e des souvenirs.\" \/>\n<meta property=\"og:url\" content=\"https:\/\/ecole-des-grands.fr\/villefranche\/manger\/\" \/>\n<meta property=\"og:site_name\" content=\"Ecole des Grands - Villefranche\" \/>\n<meta property=\"article:modified_time\" content=\"2026-04-04T16:52:45+00:00\" \/>\n<meta property=\"og:image\" content=\"https:\/\/ecole-des-grands.fr\/villefranche\/wp-content\/uploads\/sites\/5\/2024\/11\/repas.png\" \/>\n\t<meta property=\"og:image:width\" content=\"941\" \/>\n\t<meta property=\"og:image:height\" content=\"610\" \/>\n\t<meta property=\"og:image:type\" content=\"image\/png\" \/>\n<meta name=\"twitter:card\" content=\"summary_large_image\" \/>\n<meta name=\"twitter:label1\" content=\"Dur\u00e9e de lecture estim\u00e9e\" \/>\n\t<meta name=\"twitter:data1\" content=\"2 minutes\" \/>\n<script type=\"application\/ld+json\" class=\"yoast-schema-graph\">{\"@context\":\"https:\\\/\\\/schema.org\",\"@graph\":[{\"@type\":\"WebPage\",\"@id\":\"https:\\\/\\\/ecole-des-grands.fr\\\/villefranche\\\/manger\\\/\",\"url\":\"https:\\\/\\\/ecole-des-grands.fr\\\/villefranche\\\/manger\\\/\",\"name\":\"Bienvenue \u00e0 la cantine des bons vivants ! - Ecole des Grands - Villefranche\",\"isPartOf\":{\"@id\":\"https:\\\/\\\/ecole-des-grands.fr\\\/villefranche\\\/#website\"},\"primaryImageOfPage\":{\"@id\":\"https:\\\/\\\/ecole-des-grands.fr\\\/villefranche\\\/manger\\\/#primaryimage\"},\"image\":{\"@id\":\"https:\\\/\\\/ecole-des-grands.fr\\\/villefranche\\\/manger\\\/#primaryimage\"},\"thumbnailUrl\":\"https:\\\/\\\/ecole-des-grands.fr\\\/villefranche\\\/wp-content\\\/uploads\\\/sites\\\/5\\\/2024\\\/11\\\/repas.png\",\"datePublished\":\"2024-05-14T09:19:07+00:00\",\"dateModified\":\"2026-04-04T16:52:45+00:00\",\"description\":\"\u00c0 Villefranche, L\u2019\u00c9cole des Grands vous invite \u00e0 une exp\u00e9rience entre plats gourmands, ambiance conviviale et repas \u00e0 partager. Ici, on ne mange pas\u2026 on cr\u00e9e des souvenirs.\",\"breadcrumb\":{\"@id\":\"https:\\\/\\\/ecole-des-grands.fr\\\/villefranche\\\/manger\\\/#breadcrumb\"},\"inLanguage\":\"fr-FR\",\"potentialAction\":[{\"@type\":\"ReadAction\",\"target\":[\"https:\\\/\\\/ecole-des-grands.fr\\\/villefranche\\\/manger\\\/\"]}]},{\"@type\":\"ImageObject\",\"inLanguage\":\"fr-FR\",\"@id\":\"https:\\\/\\\/ecole-des-grands.fr\\\/villefranche\\\/manger\\\/#primaryimage\",\"url\":\"https:\\\/\\\/ecole-des-grands.fr\\\/villefranche\\\/wp-content\\\/uploads\\\/sites\\\/5\\\/2024\\\/11\\\/repas.png\",\"contentUrl\":\"https:\\\/\\\/ecole-des-grands.fr\\\/villefranche\\\/wp-content\\\/uploads\\\/sites\\\/5\\\/2024\\\/11\\\/repas.png\",\"width\":941,\"height\":610},{\"@type\":\"BreadcrumbList\",\"@id\":\"https:\\\/\\\/ecole-des-grands.fr\\\/villefranche\\\/manger\\\/#breadcrumb\",\"itemListElement\":[{\"@type\":\"ListItem\",\"position\":1,\"name\":\"Accueil\",\"item\":\"https:\\\/\\\/ecole-des-grands.fr\\\/villefranche\\\/\"},{\"@type\":\"ListItem\",\"position\":2,\"name\":\"Bienvenue \u00e0 la cantine des bons vivants !\"}]},{\"@type\":\"WebSite\",\"@id\":\"https:\\\/\\\/ecole-des-grands.fr\\\/villefranche\\\/#website\",\"url\":\"https:\\\/\\\/ecole-des-grands.fr\\\/villefranche\\\/\",\"name\":\"Ecole des Grands - Villefranche\",\"description\":\"La plus belle \u00e9cole de  Villefranche\",\"potentialAction\":[{\"@type\":\"SearchAction\",\"target\":{\"@type\":\"EntryPoint\",\"urlTemplate\":\"https:\\\/\\\/ecole-des-grands.fr\\\/villefranche\\\/?s={search_term_string}\"},\"query-input\":{\"@type\":\"PropertyValueSpecification\",\"valueRequired\":true,\"valueName\":\"search_term_string\"}}],\"inLanguage\":\"fr-FR\"}]}<\/script>\n<!-- \/ Yoast SEO plugin. -->","yoast_head_json":{"title":"Bienvenue \u00e0 la cantine des bons vivants ! - Ecole des Grands - Villefranche","description":"\u00c0 Villefranche, L\u2019\u00c9cole des Grands vous invite \u00e0 une exp\u00e9rience entre plats gourmands, ambiance conviviale et repas \u00e0 partager. Ici, on ne mange pas\u2026 on cr\u00e9e des souvenirs.","robots":{"index":"index","follow":"follow","max-snippet":"max-snippet:-1","max-image-preview":"max-image-preview:large","max-video-preview":"max-video-preview:-1"},"canonical":"https:\/\/ecole-des-grands.fr\/villefranche\/manger\/","og_locale":"fr_FR","og_type":"article","og_title":"Bienvenue \u00e0 la cantine des bons vivants ! - Ecole des Grands - Villefranche","og_description":"\u00c0 Villefranche, L\u2019\u00c9cole des Grands vous invite \u00e0 une exp\u00e9rience entre plats gourmands, ambiance conviviale et repas \u00e0 partager. Ici, on ne mange pas\u2026 on cr\u00e9e des souvenirs.","og_url":"https:\/\/ecole-des-grands.fr\/villefranche\/manger\/","og_site_name":"Ecole des Grands - Villefranche","article_modified_time":"2026-04-04T16:52:45+00:00","og_image":[{"width":941,"height":610,"url":"https:\/\/ecole-des-grands.fr\/villefranche\/wp-content\/uploads\/sites\/5\/2024\/11\/repas.png","type":"image\/png"}],"twitter_card":"summary_large_image","twitter_misc":{"Dur\u00e9e de lecture estim\u00e9e":"2 minutes"},"schema":{"@context":"https:\/\/schema.org","@graph":[{"@type":"WebPage","@id":"https:\/\/ecole-des-grands.fr\/villefranche\/manger\/","url":"https:\/\/ecole-des-grands.fr\/villefranche\/manger\/","name":"Bienvenue \u00e0 la cantine des bons vivants ! - Ecole des Grands - Villefranche","isPartOf":{"@id":"https:\/\/ecole-des-grands.fr\/villefranche\/#website"},"primaryImageOfPage":{"@id":"https:\/\/ecole-des-grands.fr\/villefranche\/manger\/#primaryimage"},"image":{"@id":"https:\/\/ecole-des-grands.fr\/villefranche\/manger\/#primaryimage"},"thumbnailUrl":"https:\/\/ecole-des-grands.fr\/villefranche\/wp-content\/uploads\/sites\/5\/2024\/11\/repas.png","datePublished":"2024-05-14T09:19:07+00:00","dateModified":"2026-04-04T16:52:45+00:00","description":"\u00c0 Villefranche, L\u2019\u00c9cole des Grands vous invite \u00e0 une exp\u00e9rience entre plats gourmands, ambiance conviviale et repas \u00e0 partager. Ici, on ne mange pas\u2026 on cr\u00e9e des souvenirs.","breadcrumb":{"@id":"https:\/\/ecole-des-grands.fr\/villefranche\/manger\/#breadcrumb"},"inLanguage":"fr-FR","potentialAction":[{"@type":"ReadAction","target":["https:\/\/ecole-des-grands.fr\/villefranche\/manger\/"]}]},{"@type":"ImageObject","inLanguage":"fr-FR","@id":"https:\/\/ecole-des-grands.fr\/villefranche\/manger\/#primaryimage","url":"https:\/\/ecole-des-grands.fr\/villefranche\/wp-content\/uploads\/sites\/5\/2024\/11\/repas.png","contentUrl":"https:\/\/ecole-des-grands.fr\/villefranche\/wp-content\/uploads\/sites\/5\/2024\/11\/repas.png","width":941,"height":610},{"@type":"BreadcrumbList","@id":"https:\/\/ecole-des-grands.fr\/villefranche\/manger\/#breadcrumb","itemListElement":[{"@type":"ListItem","position":1,"name":"Accueil","item":"https:\/\/ecole-des-grands.fr\/villefranche\/"},{"@type":"ListItem","position":2,"name":"Bienvenue \u00e0 la cantine des bons vivants !"}]},{"@type":"WebSite","@id":"https:\/\/ecole-des-grands.fr\/villefranche\/#website","url":"https:\/\/ecole-des-grands.fr\/villefranche\/","name":"Ecole des Grands - Villefranche","description":"La plus belle \u00e9cole de  Villefranche","potentialAction":[{"@type":"SearchAction","target":{"@type":"EntryPoint","urlTemplate":"https:\/\/ecole-des-grands.fr\/villefranche\/?s={search_term_string}"},"query-input":{"@type":"PropertyValueSpecification","valueRequired":true,"valueName":"search_term_string"}}],"inLanguage":"fr-FR"}]}},"_links":{"self":[{"href":"https:\/\/ecole-des-grands.fr\/villefranche\/wp-json\/wp\/v2\/pages\/488","targetHints":{"allow":["GET"]}}],"collection":[{"href":"https:\/\/ecole-des-grands.fr\/villefranche\/wp-json\/wp\/v2\/pages"}],"about":[{"href":"https:\/\/ecole-des-grands.fr\/villefranche\/wp-json\/wp\/v2\/types\/page"}],"author":[{"embeddable":true,"href":"https:\/\/ecole-des-grands.fr\/villefranche\/wp-json\/wp\/v2\/users\/1"}],"replies":[{"embeddable":true,"href":"https:\/\/ecole-des-grands.fr\/villefranche\/wp-json\/wp\/v2\/comments?post=488"}],"version-history":[{"count":65,"href":"https:\/\/ecole-des-grands.fr\/villefranche\/wp-json\/wp\/v2\/pages\/488\/revisions"}],"predecessor-version":[{"id":4660,"href":"https:\/\/ecole-des-grands.fr\/villefranche\/wp-json\/wp\/v2\/pages\/488\/revisions\/4660"}],"wp:featuredmedia":[{"embeddable":true,"href":"https:\/\/ecole-des-grands.fr\/villefranche\/wp-json\/wp\/v2\/media\/828"}],"wp:attachment":[{"href":"https:\/\/ecole-des-grands.fr\/villefranche\/wp-json\/wp\/v2\/media?parent=488"}],"curies":[{"name":"wp","href":"https:\/\/api.w.org\/{rel}","templated":true}]}}